
118
Evaluate 42 + -5 + -6 + 24 + -13 + -3.
39
Calculate (35 - -53) + 41 + -40.
89
What is (-28 - -19) + 54 + (22 - 19) + (1 - 9)?
40
Calculate -2 - (3 + 1) - (30 - (-30 - (26 + -70))).
-22
What is the value of -33 + -121 - 2 - -80?
-76
What is the value of -63 - (34 - 15 - 13) - 44?
-113
What is -80 + 76 + 29 + (2 - 6)?
21
Calculate -50 + 74 + -84 + -3 + 5.
-58
Calculate (-11 - (5 + (3 - 20))) + -2 + 13.
12
Calculate -3 + (49 - 33 - 2) - (-1 + -60 + 3).
69
-33 + (-1 - 0) - (-4 - (-6 + 7)) - 14
-43
What is the value of (-7 - -40) + (13 - 70) + 84?
60
Calculate -101 + (-26 - -117) + (7 - 0).
-3
(144 - 274) + (-8 - (-2 - 1) - 14)
-149
Evaluate 59 + (-32 + (35 - -16) - -4).
82
What is the value of 7 - 28 - (12 + -27 + 41)?
-47
122 - -5 - (-515 + 546)
96
Calculate 2 + (-10 - -5) - (28 + -27 + 0).
-4
What is the value of 9 - (-736 - -805 - (-2 - -4 - (-4 + 8)))?
-62
(9 + -14 - 10 - -25 - -1) + 9 + 0
20
Evaluate 0 + 1 + 2 - (-27 - (-25 - 17)).
-12
What is the value of -1 + -8 + 5 + -3 + (-9 + 21 - 6)?
-1
What is (-8 - 15 - -25) + -13 - 47?
-58
25 + 40 - 24 - 10
31
-78 - (108 - (173 + 77))
64
72 - 38 - 82 - -71 - (60 + -2)
-35
What is (5 - (3 + -2 + (4 - -14))) + 99?
85
What is -4 + 6 - 38 - (-197 - -185)?
-24
-1 + (-11 - (-5 - 34) - 14)
13
What is the value of -9 - (7 - 4 - 4) - (19 + 25 + 9)?
-61
-108 + 103 - (3 + (-8 - -1) + (-1 - 5))
5
What is 0 + 55 + (35 - (1 - -31) - 7)?
51
79 + -10 - ((-17 + 17 - -15) + -30)
84
Calculate (-8 - (5 + -4 - -5)) + 17 + -6 + 35.
32
What is -29 + -8 - -1 - (-6 - (4 + 6 - 9))?
-29
Evaluate (-2491 - -2646) + (-170 - -7).
-8
Evaluate -33 + -25 + 68 - (-3 - (-4 + 11)).
20
What is the value of (8 - -6) + 15 + (1 - 13) + 2?
19
(12 - (18 + 12 + 24)) + 21
-21
What is the value of -9 + (2 - 4) - (-71 - (-48 - (-12 - 63)))?
87
What is the value of 18 - (-21 + (37 - -17)) - -25?
10
Calculate -96 - (-8 + -27 + -31).
-30
Evaluate -33 + 51 - (-191 + 245).
-36
What is (67 - 21) + -1 + -2 + -19?
24
Calculate (-20 - 17) + 0 + (-5 + 3 - 5).
-44
Evaluate -158 - (-200 + 110) - -49.
-19
Calculate -13 - (-16 - ((67 - 28) + 26)).
68
What is (-49 - -1) + (-3684 - -3706)?
-26
3 + -14 - (-94 - -56)
27
What is the value of 37 + (-90 - (-42 - 0))?
-11
Calculate -16 - (1 + -25 + (-88 - -25 - -51)).
20
4 + -2 + -8 + 52 + (-5 - 57)
-16
Evaluate -9 - (-10 + 5) - 151 - (156 - 171).
-140
63 - (38 - (42 - -10))
77
What is 3 + (-15 - 2) + (-2 - -5) + -8264 + 8301?
26
What is the value of 0 + (-14 - 1) - (17 - (2 + 52 + -29))?
-7
4510 + -4522 + -1 + 49
36
-8 - (416 + -398 + 1 + -127) - (1 - 6)
105
What is the value of -61 + (24 - 18 - (-1 - -1 - (-8 - -10)))?
-53
What is 1 + 0 + (-21 + -2 - (11 + 0 + -22))?
-11
Calculate 11 + ((-9 - 2) + (-107 - -113) - 25).
-19
What is the value of 1346 + -1314 - ((4 - 1) + -11)?
40
(-40 - -26) + 176 + -36
126
What is (-12 + -2 - -2) + 6 + -36 + 38?
-4
-4 + (-5 - -1) + -2 + 4 + (87 - 23)
58
-7 + 11 + -13 - (0 - -11) - -10
-10
What is 7 + (8 - 4 - (61 + -63))?
13
What is -11 + (-25 - (14 + -17 + 2 + -7 + -3))?
-25
(7 + (11 - 5) - (97 - 92)) + 10
18
Calculate -178 + 216 + (5 - 56).
-13
What is the value of 14 + -19 + (41 - 2) - (-22 - -18)?
38
What is (-55 - -2) + -255 + 284?
-24
(6 - 3) + -1 + (-1829 - -1774)
-53
What is (-30 - -29) + (11 - -3) - 48 - (-1 + 0)?
-34
-25 + (1 - (-2 - 56))
34
What is the value of -8 + 19 + -27 + 18 - (1 - -34)?
-33
What is the value of -69 + 0 + 8 + 39 + -23?
-45
What is -48 + (14 + -1 + (4 - 6 - 10) - 8)?
-55
Evaluate -28 - (9 + -19 - (34 + 26)).
42
Calculate (2 + (4 - -2) - 13) + -9 + 3 + 30.
19
0 - -27 - (-143 + -83 + 196)
57
What is 3 + 53 + -338 + 246?
-36
Evaluate -4 - 43 - -16 - (-9 - (-22 - -4)).
-40
-314 + 261 + 2 + 38
-13
Evaluate (18 - (18 + -12) - 4) + -5.
3
What is the value of 0 + 14 + -8 + -16 + 6 - 99?
-103
What is the value of -44 + (61 - 34) + 10 + -42?
-49
What is (-3316 - -3331) + (-19 - -16) + -19 + 1?
-6
3 - (2 + -5) - 21 - (71 - 148)
62
Calculate 6 + 40 + 61 + -87.
20
What is the value of -28 - (102 + (-2 - (12 - 17)))?
-133
What is (69 - 49 - 3) + 29?
46
What is 9 - (19 - (15 + 3 + -104 - 22))?
-118
Calculate -146 + 130 + 6 + 22.
12
What is 36 + -23 + (2 + -4 + 7 - (116 - 108))?
10
Evaluate -28042 + 28170 - ((2 - (6 + -2)) + -13).
143
What is 12 + 40 + -49 + 0 + 11 + -53?
-39
What is (56 - (84 + -28)) + 2 + -14?
-12
What is the value of 6 + -42 + 5 + 20 + -5?
-16
What is (19 - 8 - 19) + 122 + 2 - -3?
119
Calculate 30 - (-52 + 77 + -39).
44
What is 40 + 0 - 11 - -1?
30
What is the value of (8 - 49) + (-13 - ((-12 - -9) + -6)) + 11?
-34
What is 1 + -2 + 63 + 0 - (-51 + -55 - -96)?
72
Evaluate -20 + -4 + (-75 - -137).
38
-57 + -43 + 33 + 38
-29
Calculate 114 - (50 - 24 - 16) - 3 - (2 + -8).
107
What is the value of -10730 + 10745 - (1 + 126)?
-112
What is the value of 13 + -1 + -13 + 39 + -37 - -16?
17
Calculate 18 + -18 + -7 + 4 + (-5 - (5 - -6)).
-19
Calculate 94 - (-36 - -75) - 85.
-30
75 - (6 + 2 + -7 + 9 - 11)
76
-15 + (46 - (-20 - -35)) - 30
-14
Calculate -34 + ((-20 - -20) + 17 - 15 - (1 - -3)).
-36
What is the value of -9 - (-15 + 17 - 2) - (11 + (0 - -2))?
-22
What is the value of 0 + -30 + 19 + (1 - -10) + -74?
-74
Evaluate 10 + 17 + (15 - 9) + -26.
7
Evaluate (9 - 3) + (-28 - -8) + 101 + 65.
152
Calculate 7 + -97 - (12 + -16 + (11 - 19)).
-78
Evaluate -26 + (-7 - -4) + 13 - -44.
28
61 + -1 + 0 + (54 - (54 + 8)) + 11
63
Evaluate -13 + (11 - -4) - 46.
-44
Evaluate 65 + -94 - -5 - (-17 - 1).
-6
What is the value of -5 + (20 - (9 + -5)) + (12 - -10) + -76?
-43
What is the value of 14 + -49 - -36 - (-40 + (-2 - -5))?
38
Evaluate -10 + -8 + 29 - (23 + -2).
-10
Evaluate (361 - 383 - (-2 - 9)) + 29.
18
Evaluate (-3 - (8 - -16)) + (-10 - -7) + (10 - 2).
-22
What is 88 + -45 + (2 - (-17 - -6 - 4))?
60
Evaluate -4 + 10 - (4 + -20 + -16).
38
What is -51 + (4 - -46) + 51 + (1 - (-1 - 4))?
56
Calculate -26 + 13 - (10 - 15 - -1) - (-10 - -14).
-13
-7 + -71 + 85 + (-38 - -1)
-30
Evaluate (14 + -26 - -33) + (7 - -10).
38
(-7 - -5) + -14 + 31 - 12
3
43 - (4 - (77 + -36))
80
Evaluate 24 + -18 + -2 + -95 + 71.
-20
Evaluate (1 - 3) + -11 + (7 + -11 - 9).
-26
Calculate -2 + 20 + (12 - (30 - 7)).
7
454 + -473 + (9 + -16 - -2) + -69
-93
What is 13 - (22 + (-5 - -19) - 26)?
3
What is the value of -156 + 87 + (-12 - (16 + 16))?
-113
What is the value of 8 + (-1 - 11) + 49 + 5 + -6?
44
What is 77 + 3 + -47 + -26 + 1 + 135?
143
9 + (-22 - -17 - 8 - 5) + -65 + -2
-76
What is the value of -3 - (14 + -20 + 4) - 2 - -58?
55
Calculate 56 - (87 + -15) - -35.
19
(-7 - 82 - -66) + -39
-62
Calculate 40 + (-56 - (25 + -68)).
27
What is (-20 + -18 + 25 + 17 - 10) + 0 + 17?
11
What is -19 - ((-4 - -1 - -2) + (-1723 - -1723))?
-18
Calculate (3 - -19) + -98 + 53.
-23
(-13 - -1) + (85 - (71 + 24))
-22
Calculate 1 + (-10 - -18) + -1 + (10 - (99 - 4)).
-77
Calculate -40 + (-15 - 2) + -2 + 19.
-40
Evaluate -1 + -90 + 3 - (-1472 + 1471).
-87
Calculate (-537 - -563) + 3 + 1.
30
Calculate -33 - ((-31 + 13 - -39) + -9).
-45
What is (-4 - (29 + 3)) + -11 + 13 + 9?
-25
What is -1 + 40 - ((-134 - -305) + -235)?
103
What is (19 + 0 - (13 + 7)) + 10?
9
Evaluate 1 - 1 - (9 - (9 + -9)) - (0 + -12).
3
What is the value of -15 + (3 - ((-22 - -13) + -20)) - 47?
-30
Evaluate -87 - 0 - (((-22 - -24) + 17 - 7) + -20).
-79
-60 - (2 - 6) - (13 + -6 + -20)
-43
-4 - -40 - (5 + 20 + -18)
29
-44 - (11 - 27) - -11 - 19
-36
Calculate -90 + -60 + (-92 - -184).
-58
5 - (-9 + (29 - 12)) - 11 - -52
38
What is (12 - 0) + (-19 - (18 - -46))?
-71
What is the value of 34 + -86 + 83 + 4 + (0 - 5)?
30
Calculate 23 + 0 - (-120 + 119).
24
What is the value of -10 - (0 - (23 - (-69 + 11)))?
71
What is 1 + 0 + 50 - (108 + (-489 - -384))?
48
What is 14 - ((24 - (0 - -16) - 7) + -41)?
54
38 + (1 - 35) + -21 + 78
61
Calculate 12 - (13 + 1 + 56 + 35 + -98).
5
What is -6 + (16 - (22 + -2 + -4))?
-6
What is 38 + -80 + 33 - (0 + -51 + -8)?
50
1 - 123 - (7442 + -7443)
-121
0 - 53 - (224 + (24 - 233))
-68
Calculate -36 + 45 + -18 - (54 + -74).
11
Calculate 24 + -23 + (2 + 75 - 5).
73
What is the value of -600 + 686 + (3 - 68)?
21
What is (4 - (8 + -6)) + (22 - -4)?
28
-42 + (-11 + 15 - 12) + -11
-61
Calculate 66 - 22 - 50 - (27 + -1).
-32
Evaluate (7 + 1 - ((-34 - (23 + -36)) + 25)) + 78.
82
Evaluate (1 - (-2 - 119)) + 4 + (-42 - (-16 + -27)).